{"id":22,"date":"2025-11-25T10:32:13","date_gmt":"2025-11-25T10:32:13","guid":{"rendered":"https:\/\/bsv.itbude.ch\/?page_id=22"},"modified":"2026-03-02T18:24:35","modified_gmt":"2026-03-02T18:24:35","slug":"pistole-25-50m","status":"publish","type":"page","link":"https:\/\/bsv-pfaeffikon.ch\/?page_id=22","title":{"rendered":"Pistole 25\/50m"},"content":{"rendered":"\n<h1 class=\"wp-block-heading\"><\/h1>\n\n\n\n<p>Unser Bezirk umfasst folgende Vereine:<br><br>Schiesssportverein Illnau-Effretikon<br>Pistolensch\u00fctzen Pf\u00e4ffikon ZH<br>Pistolensch\u00fctzenverein Fehraltorf<br>Pistolensch\u00fctzenverein T\u00f6sstal Wila<br>Pistolensch\u00fctzenverein Lindau<\/p>\n","protected":false},"excerpt":{"rendered":"<p>Unser Bezirk umfasst folgende Vereine: Schiesssportverein Illnau-EffretikonPistolensch\u00fctzen Pf\u00e4ffikon ZHPistolensch\u00fctzenverein FehraltorfPistolensch\u00fctzenverein T\u00f6sstal WilaPistolensch\u00fctzenverein Lindau<\/p>\n","protected":false},"author":1,"featured_media":0,"parent":0,"menu_order":0,"comment_status":"closed","ping_status":"closed","template":"","meta":{"footnotes":""},"class_list":["post-22","page","type-page","status-publish","hentry"],"_links":{"self":[{"href":"https:\/\/bsv-pfaeffikon.ch\/index.php?rest_route=\/wp\/v2\/pages\/22","targetHints":{"allow":["GET"]}}],"collection":[{"href":"https:\/\/bsv-pfaeffikon.ch\/index.php?rest_route=\/wp\/v2\/pages"}],"about":[{"href":"https:\/\/bsv-pfaeffikon.ch\/index.php?rest_route=\/wp\/v2\/types\/page"}],"author":[{"embeddable":true,"href":"https:\/\/bsv-pfaeffikon.ch\/index.php?rest_route=\/wp\/v2\/users\/1"}],"replies":[{"embeddable":true,"href":"https:\/\/bsv-pfaeffikon.ch\/index.php?rest_route=%2Fwp%2Fv2%2Fcomments&post=22"}],"version-history":[{"count":5,"href":"https:\/\/bsv-pfaeffikon.ch\/index.php?rest_route=\/wp\/v2\/pages\/22\/revisions"}],"predecessor-version":[{"id":279,"href":"https:\/\/bsv-pfaeffikon.ch\/index.php?rest_route=\/wp\/v2\/pages\/22\/revisions\/279"}],"wp:attachment":[{"href":"https:\/\/bsv-pfaeffikon.ch\/index.php?rest_route=%2Fwp%2Fv2%2Fmedia&parent=22"}],"curies":[{"name":"wp","href":"https:\/\/api.w.org\/{rel}","templated":true}]}}