{"id":24,"date":"2025-11-25T10:32:21","date_gmt":"2025-11-25T10:32:21","guid":{"rendered":"https:\/\/bsv.itbude.ch\/?page_id=24"},"modified":"2026-03-15T15:01:26","modified_gmt":"2026-03-15T15:01:26","slug":"vorstand","status":"publish","type":"page","link":"https:\/\/bsv-pfaeffikon.ch\/?page_id=24","title":{"rendered":"Vorstand"},"content":{"rendered":"\n<div class=\"wp-block-media-text is-stacked-on-mobile\" style=\"grid-template-columns:15% auto\"><figure class=\"wp-block-media-text__media\"><img loading=\"lazy\" decoding=\"async\" width=\"189\" height=\"254\" src=\"https:\/\/bsv-pfaeffikon.ch\/wp-content\/uploads\/2025\/11\/bosshardWalter-klein-1.jpg\" alt=\"\" class=\"wp-image-82 size-full\"\/><\/figure><div class=\"wp-block-media-text__content\">\n<p>Walter Bosshard<br>Pr\u00e4sident &amp; Chef Gruppenmeisterschaft<\/p>\n\n\n\n<p>Mail: <a href=\"mailto:praesident@bsv-pfaeffikon.ch\">praesident@bsv-pfaeffikon.ch<\/a><\/p>\n<\/div><\/div>\n\n\n\n<p><\/p>\n\n\n\n<div class=\"wp-block-media-text is-stacked-on-mobile\" style=\"grid-template-columns:15% auto\"><figure class=\"wp-block-media-text__media\"><img loading=\"lazy\" decoding=\"async\" width=\"120\" height=\"160\" src=\"https:\/\/bsv-pfaeffikon.ch\/wp-content\/uploads\/2025\/11\/nessensohnFredi-klein-2.jpg\" alt=\"\" class=\"wp-image-83 size-full\"\/><\/figure><div class=\"wp-block-media-text__content\">\n<p>Fredi Nessensohn<br>Kassier<\/p>\n\n\n\n<p>Mail: <a href=\"mailto:kassier@bsv-pfaeffikon.ch\">kassier@bsv-pfaeffikon.ch<\/a><\/p>\n<\/div><\/div>\n\n\n\n<p><\/p>\n\n\n\n<div class=\"wp-block-media-text is-stacked-on-mobile\" style=\"grid-template-columns:22% auto\"><figure class=\"wp-block-media-text__media\"><\/figure><div class=\"wp-block-media-text__content\">\n<p>VAKANT<br>Sch\u00fctzenmeister Gewehr<\/p>\n\n\n\n<p>Mail: <a href=\"mailto:schuetzenmeister@bsv-pfaeffikon.ch\">schuetzenmeister@bsv-pfaeffikon.ch<\/a><\/p>\n<\/div><\/div>\n\n\n\n<p><\/p>\n\n\n\n<div class=\"wp-block-media-text is-stacked-on-mobile\" style=\"grid-template-columns:15% auto\"><figure class=\"wp-block-media-text__media\"><img loading=\"lazy\" decoding=\"async\" width=\"120\" height=\"160\" src=\"https:\/\/bsv-pfaeffikon.ch\/wp-content\/uploads\/2025\/11\/sabadiniMichael-klein.jpg\" alt=\"\" class=\"wp-image-85 size-full\"\/><\/figure><div class=\"wp-block-media-text__content\">\n<p>Michael Sabbadini<br>Jungsch\u00fctzen-\/ Jugendchef Gewehr<\/p>\n\n\n\n<p>Mail: <a href=\"mailto:jungschuetzen@bsv-pfaeffikon.ch\">jungschuetzen@bsv-pfaeffikon.ch<\/a><\/p>\n<\/div><\/div>\n\n\n\n<p><\/p>\n\n\n\n<div class=\"wp-block-media-text is-stacked-on-mobile\" style=\"grid-template-columns:15% auto\"><figure class=\"wp-block-media-text__media\"><img loading=\"lazy\" decoding=\"async\" width=\"120\" height=\"160\" src=\"https:\/\/bsv-pfaeffikon.ch\/wp-content\/uploads\/2025\/11\/meierClaudia-klein.jpg\" alt=\"\" class=\"wp-image-86 size-full\"\/><\/figure><div class=\"wp-block-media-text__content\">\n<p>Claudia Meier<br>Aktuarin<\/p>\n\n\n\n<p>Mail: <a href=\"mailto:aktuarin@bsv-pfaeffikon.ch\">aktuarin@bsv-pfaeffikon.ch<\/a><\/p>\n<\/div><\/div>\n\n\n\n<p><\/p>\n\n\n\n<div class=\"wp-block-media-text is-stacked-on-mobile\" style=\"grid-template-columns:15% auto\"><figure class=\"wp-block-media-text__media\"><img loading=\"lazy\" decoding=\"async\" width=\"120\" height=\"160\" src=\"https:\/\/bsv-pfaeffikon.ch\/wp-content\/uploads\/2025\/11\/berghaendlerMarcel-klein.jpg\" alt=\"\" class=\"wp-image-87 size-full\"\/><\/figure><div class=\"wp-block-media-text__content\">\n<p>Marcel Bergh\u00e4ndler<br>Vizepr\u00e4sident &amp; Sch\u00fctzenmeister Pistole<\/p>\n\n\n\n<p>Mail: <a href=\"mailto:vizepraesident@bsv-pfaeffikon.ch\">vizepraesident@bsv-pfaeffikon.ch<\/a><\/p>\n<\/div><\/div>\n\n\n\n<p><\/p>\n\n\n\n<div class=\"wp-block-media-text is-stacked-on-mobile\" style=\"grid-template-columns:15% auto\"><figure class=\"wp-block-media-text__media\"><img loading=\"lazy\" decoding=\"async\" width=\"189\" height=\"233\" src=\"https:\/\/bsv-pfaeffikon.ch\/wp-content\/uploads\/2025\/11\/truningerMartin-klein.jpg\" alt=\"\" class=\"wp-image-88 size-full\"\/><\/figure><div class=\"wp-block-media-text__content\">\n<p>Martin Truninger<br>Spezialaufgaben<\/p>\n\n\n\n<p>Mail: <a href=\"mailto:spezi@bsv-pfaeffikon.ch\">spezi@bsv-pfaeffikon.ch<\/a><\/p>\n<\/div><\/div>\n\n\n\n<div style=\"height:30px\" aria-hidden=\"true\" class=\"wp-block-spacer\"><\/div>\n\n\n\n<hr class=\"wp-block-separator has-alpha-channel-opacity\"\/>\n\n\n\n<details class=\"wp-block-details is-layout-flow wp-block-details-is-layout-flow\"><summary>Statuten<\/summary>\n<div data-wp-interactive=\"core\/file\" class=\"wp-block-file\"><object data-wp-bind--hidden=\"!state.hasPdfPreview\" hidden class=\"wp-block-file__embed\" data=\"https:\/\/bsv-pfaeffikon.ch\/wp-content\/uploads\/2026\/01\/Statuten-BSVP-neu-signiert.pdf\" type=\"application\/pdf\" style=\"width:100%;height:600px\" aria-label=\"Einbettung von Statuten BSVP neu signiert.\"><\/object><a id=\"wp-block-file--media-d5cad82a-c4b9-45c7-a563-3a8951e2ebd3\" href=\"https:\/\/bsv-pfaeffikon.ch\/wp-content\/uploads\/2026\/01\/Statuten-BSVP-neu-signiert.pdf\">Statuten BSVP neu signiert<\/a><a href=\"https:\/\/bsv-pfaeffikon.ch\/wp-content\/uploads\/2026\/01\/Statuten-BSVP-neu-signiert.pdf\" class=\"wp-block-file__button wp-element-button\" download aria-describedby=\"wp-block-file--media-d5cad82a-c4b9-45c7-a563-3a8951e2ebd3\">Herunterladen<\/a><\/div>\n<\/details>\n","protected":false},"excerpt":{"rendered":"<p>Walter BosshardPr\u00e4sident &amp; Chef Gruppenmeisterschaft Mail: praesident@bsv-pfaeffikon.ch Fredi NessensohnKassier Mail: kassier@bsv-pfaeffikon.ch VAKANTSch\u00fctzenmeister Gewehr Mail: schuetzenmeister@bsv-pfaeffikon.ch Michael SabbadiniJungsch\u00fctzen-\/ Jugendchef Gewehr Mail: jungschuetzen@bsv-pfaeffikon.ch Claudia MeierAktuarin Mail: aktuarin@bsv-pfaeffikon.ch Marcel Bergh\u00e4ndlerVizepr\u00e4sident &amp; Sch\u00fctzenmeister Pistole Mail: vizepraesident@bsv-pfaeffikon.ch Martin TruningerSpezialaufgaben Mail: spezi@bsv-pfaeffikon.ch<\/p>\n","protected":false},"author":1,"featured_media":0,"parent":0,"menu_order":0,"comment_status":"closed","ping_status":"closed","template":"","meta":{"footnotes":""},"class_list":["post-24","page","type-page","status-publish","hentry"],"_links":{"self":[{"href":"https:\/\/bsv-pfaeffikon.ch\/index.php?rest_route=\/wp\/v2\/pages\/24","targetHints":{"allow":["GET"]}}],"collection":[{"href":"https:\/\/bsv-pfaeffikon.ch\/index.php?rest_route=\/wp\/v2\/pages"}],"about":[{"href":"https:\/\/bsv-pfaeffikon.ch\/index.php?rest_route=\/wp\/v2\/types\/page"}],"author":[{"embeddable":true,"href":"https:\/\/bsv-pfaeffikon.ch\/index.php?rest_route=\/wp\/v2\/users\/1"}],"replies":[{"embeddable":true,"href":"https:\/\/bsv-pfaeffikon.ch\/index.php?rest_route=%2Fwp%2Fv2%2Fcomments&post=24"}],"version-history":[{"count":6,"href":"https:\/\/bsv-pfaeffikon.ch\/index.php?rest_route=\/wp\/v2\/pages\/24\/revisions"}],"predecessor-version":[{"id":293,"href":"https:\/\/bsv-pfaeffikon.ch\/index.php?rest_route=\/wp\/v2\/pages\/24\/revisions\/293"}],"wp:attachment":[{"href":"https:\/\/bsv-pfaeffikon.ch\/index.php?rest_route=%2Fwp%2Fv2%2Fmedia&parent=24"}],"curies":[{"name":"wp","href":"https:\/\/api.w.org\/{rel}","templated":true}]}}